nits digit of w(r)?
7
Let k(t) = -38*t + 12. Let i be k(-4). Suppose -4*q + 120 = -4*u, -5*u - q = q + i. Let s = u - -33. What is the units digit of s?
1
Let i(f) = f**2 - 21*f + 9. Let s be 4*(-623)/(-26) - 2/(-13). Suppose -s*g - 88 = -100*g. What is the tens digit of i(g)?
3
Suppose 5*o - 2*t - 353 = 0, 4*t - 199 = -3*o + 2*t. Let p = o - 70. What is the tens digit of p + (-14)/(-18) - (-1135)/45?
2
Suppose 0 = -0*u - 2*u - 1144. Suppose 0*o - 64*o = 256. What is the tens digit of u/(-39)*(-18)/o?
6
Suppose 13 = 3*g + j, 0*j - j = 5. Suppose 0 = g*y - 27 - 9. Let p(a) = a**2 + 3*a + 1. What is the units digit of p(y)?
5
Suppose -3*g + 7 = 25. Let w be (g - 12)/(4/(-58)). Let y = w + -177. What is the units digit of y?
4
What is the ten thousands digit of 9/(-3)*13/((-429)/127622)?
1
Let z = -181 + 188. Suppose -z*n + 2208 = 598. What is the hundreds digit of n?
2
Let z(i) be the third derivative of i**5/60 + i**4/12 - 13*i**3/6 + 15*i**2. Let c be z(4). Suppose c*j - 6*j = 515. What is the units digit of j?
3
Let x(q) = -q**2 - 12*q + 4. Let v be x(-12). What is the units digit of ((-2)/v)/(5 - (-4155)/(-830))?
3
Let d(g) = 1 - 59*g**3 - 13*g**2 - 48*g**3 - 42*g + 108*g**3. What is the hundreds digit of d(19)?
3
Suppose 0 = -2*q + 5*f - 421, -3*q + 4*f - 573 - 69 = 0. Let r = 741 + q. What is the hundreds digit of r?
5
Suppose -3667*z = -3621*z - 2168854. What is the hundreds digit of z?
1
Let v be ((-48)/(-56))/((-6)/(-28)). Suppose -c - 1782 = -v*s, 7 = -4*c + 15. What is the units digit of s?
6
Let r(h) = 15*h**2 - 18*h. Let d(q) = -q. Let p(j) = -15*d(j) + r(j). What is the tens digit of p(-6)?
5
Let h be (562/(-4))/(133/14 + -10). Suppose 3*g - 24*t + 28*t - 822 = 0, g = t + h. What is the tens digit of g?
7
Suppose 42*o - 15*o = -107450 + 324638. What is the tens digit of o?
4
Let x be 1*-2 - (-359 - -1). Suppose 4*w = 3*p + 7, -3 + 17 = 2*w + 2*p. Suppose 0*n + w*n - 304 = 4*d, 5*n + d = x. What is the units digit of n?
2
Let s(q) = q**2 - 4*q + 3. Let r be s(-5). Let v = 48 - r. Suppose v = -4*b + 157 + 767. What is the tens digit of b?
3
Suppose 7*i + 130 = 123. What is the units digit of ((-40)/(-8) - 108)/i?
3
What is the hundreds digit of 1 + 1 + 5 + 0 - (128 + -71246)?
1
Let c(v) = 7*v - 31. Suppose -3*n - 12 = -0*n + 3*h, -3*h - 2 = -2*n. Let w = n + 11. What is the tens digit of c(w)?
3
Let v(n) be the second derivative of 3*n**5/10 - n**4 + 5*n**3/6 + 2*n**2 + 147*n. What is the units digit of v(6)?
8
Let t(r) = -164*r**3 + 14*r**2 + 31*r + 44. What is the hundreds digit of t(-7)?
7
Suppose -q = 2*p + 72, -3*p - 345 = 5*q + 2*p. Let x = 120 + q. Let t = 78 - x. What is the tens digit of t?
2
Let d(j) = 344*j**2 - 2*j - 1. Let s be d(-1). Let x = 179 - 26. Let v = s - x. What is the hundreds digit of v?
1
Suppose 4*i + 141500 = 2*a, 0 = 2*a - 11*i + 13*i - 141506. What is the thousands digit of a?
0
Suppose 11*u - 7*u - 448 = 0. Let k = u + -59. What is the units digit of k?
3
Let f be (-42)/112 + 1755/8. Let u = 419 - f. What is the units digit of u?
0
Let w(y) = 34*y**2 - 38*y - 380. What is the tens digit of w(-15)?
4
Suppose 30047*j - 9981 = 30038*j. What is the units digit of j?
9
Let a(s) = -3*s + 25. Let f be a(7). Suppose -b = l + 2*b - f, -4*b + 16 = 4*l. Suppose -5*z - 417 = -4*j, 4*j = -z + l*z + 423. What is the units digit of j?
8
Suppose 2*r + 4*x = -402 + 22, -x = -4. Let g = r + 403. What is the tens digit of g?
0
What is the hundreds digit of 5/(6*(-50)/(-8280))?
1
Suppose -5*t - 5*t = -10. Let f be 1*-48*t - (8 - 11). What is the units digit of (4 - (-1 - f))*-2?
0
Let p(n) = 4*n**2 + 91*n - 8722. What is the units digit of p(133)?
7
Let g = -40 + 42. Let b be (4/5)/g*(16 - -1474). Suppose o - 588 = -5*h + 3*o, 5*h - 4*o - b = 0. What is the hundreds digit of h?
1
Suppose -2*f + 4*v + 127135 = -53943, v = -3*f + 271680. What is the tens digit of f?
5
What is the tens digit of (-12)/(-6 + (-10146)/(-1692))?
8
Let a(u) = 673*u + 3299. What is the thousands digit of a(8)?
8
Let h(u) = 21*u**2 - 35*u + 551. What is the ten thousands digit of h(23)?
1
Let m(z) = z**3 + 5*z**2 + 7*z + 8. Let t be m(-3). Suppose f - 36 = -5*a, 0 = t*a - 0*a - 5*f - 60. What is the units digit of 1 + (-1630)/(-6) + a/24?
3
Let q be 21*((-14)/(-6))/7. Let u be (56/(-98) + 18/q)/(-2). Let s = u + 9. What is the units digit of s?
8
Suppose 4*n = 3*d - 2431, -d + 2*d = -2*n + 827. Let j = d - 451. What is the hundreds digit of j?
3
Suppose 47*t + 30200 = 111604. What is the units digit of t?
2
Let s(q) = 2*q - 10. Let j be s(10). Suppose 4*w - j = -3*z - 0*w, -2*z + 6 = 2*w. Suppose 58 = k - 2*l, 4*k - 2*l = z*k + 112. What is the tens digit of k?
5
Suppose 0*g = 2*g - 40. Suppose w - 15 - g = 0. Suppose b + h = 3 + w, -2*b + 85 = -h. What is the tens digit of b?
4
Let g(h) = -h**3 + 11*h**2 - 6*h + 9. Let u be g(-10). What is the thousands digit of (u - 3)*4/8?
1
Let n = 10019 - 3083. What is the tens digit of n?
3
Let d(y) be the first derivative of 5*y**4/4 - y**3/6 + y**2/2 + 8*y + 32. Let u(j) be the first derivative of d(j). What is the units digit of u(2)?
9
Suppose -4*a = -h + 928, 2*a = -3*a + h - 1160. Let b = -41 - a. What is the hundreds digit of b?
1
Let x be (2 + 7 + -5)*6/4. Let k(y) = y**3 - 6*y**2 + 2*y - 9. Let r be k(x). Suppose 5*l = r*h - 5*h + 75, -5*h + 5*l + 240 = 0. What is the units digit of h?
5
Suppose 302*n = 9909639 - 796185. What is the thousands digit of n?
0
What is the tens digit of 1/(-2 - (-98065)/49030)?
0
Suppose -10*f + 17*f = 336. What is the units digit of f*(6 - (4 + -7))?
2
Let l = 6162 - 4080. What is the units digit of l?
2
Let a = -55 + 61. Suppose a*p = 12 - 0. Suppose 385 = p*g + 97. What is the units digit of g?
4
Let s(y) = -24*y + 22. Let z be s(1). What is the tens digit of (105/(-56)*14)/(z/72)?
4
Let s be (-12)/(12/4) + 5. Let b(q) = 11*q - 47. Let m be b(4). What is the hundreds digit of s/m - (-1336)/12?
1
Let y(j) = -j**2 + 18*j + 24. Suppose -18 = -2*p + 4*h, 7*p - h - 43 = 3*p. What is the hundreds digit of y(p)?
1
Let s(w) = w**3 + 39*w**2 + 50*w - 755. What is the tens digit of s(-32)?
1
Let o be 180/(-8) - 1/(-2). Let d = o + 51. Let c = 62 + d. What is the tens digit of c?
9
Let w = -403 + 121. Let o = 487 + w. What is the hundreds digit of o?
2
Suppose 3*l + 0*l = 6. Let d = -1004 + 1005. What is the units digit of 5 + (3 - (l - d))?
7
Let j = -260 + 728. Suppose -8*h + 348 = 108*h. What is the tens digit of ((-8)/h)/((-24)/j)?
5
Let x = -4319 - -7522. Suppose 7643 = 22*m - x. What is the hundreds digit of m?
4
Suppose -4*z = -7*z + 342. Let p = z - 179. Let y = -35 - p. What is the tens digit of y?
3
Let w = 11676 - 9522. What is the tens digit of w?
5
Suppose -2*a = -2*j - 118, -2*j - 103 - 177 = -5*a. Suppose -306 = -21*n + 765. Suppose 5*m = a + n. What is the units digit of m?
1
Let r = -119 - -121. Suppose -3*l + 4*u = -14, -r*u - 3 + 5 = 3*l. Suppose l*v + 80 = 242. What is the units digit of v?
1
Suppose -8 = r, 327*i + 108669 = 332*i - 3*r. What is the units digit of i?
9
Let c = 627 + -281. What is the hundreds digit of c?
3
Suppose -3*s + 19*s = 1099648. What is the tens digit of 4/10 + (s/(-55))/(-11)?
1
Let r(w) = 12 + 2*w + 3*w**2 - 15 - 2*w**2. Let z be r(-3). Suppose -4*m + z*t = -2*t - 1206, -5*t + 1227 = 4*m. What is the hundreds digit of m?
3
Suppose -35*v + 8952 = 657. What is the units digit of v?
7
Suppose -137*k + 10320 = -127*k. What is the tens digit of k?
3
Let q(x) = -18*x**2 - 27*x**3 + 16*x + 138 - 170 + 28*x**3. What is the tens digit of q(21)?
2
Let f be -9*-4*(-5)/(-90). Suppose -3*g + 8*g - c = 1738, 3*c - 685 = -f*g. What is the units digit of g?
7
Suppose 13*a = 16*a - 2409. Let m = 1481 - a. What is the hundreds digit of m?
6
Suppose 9*j - 3812844 = -124*j. What is the ten thousands digit of j?
2
Let n(j) = 2*j - 7. Let b be n(5). Suppose b*v = -x + 4, -v = -5*x - 40 + 12. Let w(k) = 2*k**3 + 4*k**2 - 6*k + 6. What is the units digit of w(v)?
8
Let f = 443 + -439. Suppose f*d - 1226 - 86 = 0. What is the hundreds digit of d?
3
Let m(u) = 5348*u**2 - 10*u + 18. What is the hundreds digit of m(2)?
3
Let q be (108/(-4))/(0 - 1). Suppose 0*l + 4*l + 16 = -x, 3*x = -5*l - q. What is the tens digit of (-1 - l) + 119 - (-5 + 2)?
2
Let p = 